ose -17*x + 16*x - 1 = 0, -3*k = 2*x - 67. What is the remainder when k is divided by 2?
1
Let k(z) = 9*z**3 - 2*z**2 - 2*z - 1. Let n be k(-1). Let v = 15 + n. What is the remainder when 12 is divided by v?
2
Let u = 2104 + -2083. Calculate the remainder when 171 is divided by u.
3
Suppose 3*a + 0*a + 3*t - 87 = 0, -5*a = -2*t - 117. Calculate the remainder when a is divided by (-2)/((-156)/(-84) - 2).
11
Suppose 3*u - 30 = -27. Let a(d) = -1. Let f(t) = -t + 5. Let c(y) = -4*a(y) + f(y). Calculate the remainder when c(8) is divided by u.
0
Let u = -6 + 15. What is the remainder when 4 + 76/2 + 1 is divided by u?
7
Suppose 0*x = 5*x - 100. Let t = -9 + x. Calculate the remainder when 31 is divided by t.
9
Suppose 2*y - 11 = 3. Calculate the remainder when (2/4)/(3/114) is divided by y.
5
Suppose 939 = 9*p - 987. What is the remainder when p is divided by 73?
68
Suppose 0 = -849*y + 843*y + 48. Let g = 57 - -19. Suppose 0 = -4*r + 4*j + g, -3*r + 2*j = -0*j - 52. Calculate the remainder when r is divided by y.
6
Let x = -2033 - -2140. What is the remainder when x is divided by 58?
49
Let w = -15 + 25. Calculate the remainder when (-3)/(-15) - 402/(-15) is divided by w.
7
Let g(y) = -y**2 + 23*y - 22. Suppose 2*v = 42 - 26. Calculate the remainder when g(19) is divided by v.
6
Suppose -2*b = -5*t + 25, -b + 0*b = 0. Suppose t*l + 2 = -278. Let a = -30 - l. Calculate the remainder when a is divided by 7.
5
Let s(d) = -30*d**2 + 3*d. Let i be s(2). Let x(o) = o**3 + 7*o**2 - 11*o - 3. What is the remainder when (4 - 3) + i/(3 + -6) is divided by x(-8)?
18
Let r(k) = -216*k**3 + 8*k**2 - 8*k + 11. Let t(w) = 144*w**3 - 5*w**2 + 5*w - 7. Let l(n) = 5*r(n) + 8*t(n). What is the remainder when l(1) is divided by 24?
23
Let s = -175 - -324. Suppose 2*k - 4*k = o - s, 2*k = 4*o + 164. What is the remainder when k is divided by 20?
16
Let h(v) = -76*v + 20. Let j be h(6). Let m = j - -272. Calculate the remainder when 53 is divided by 1/(3 - m/(-56)).
11
Suppose -6*y + 4*y = 2. Let s = y - -27. Suppose -13*t + 12 = -638. Calculate the remainder when t is divided by s.
24
Suppose -48*q = -11*q - 6068. Calculate the remainder when q is divided by 12.
8
Let d = 90 - -103. What is the remainder when d is divided by 183?
10
Suppose 5*h = -20, 3*q + 31 = 4*q + 4*h. Calculate the remainder when 280 is divided by q.
45
Suppose -f + 7*f + 12 = 0. What is the remainder when (10 - 2)/f - -27 is divided by 8?
7
Let n = 735 - 579. What is the remainder when n is divided by 79?
77
Let b = 1859 - 1715. What is the remainder when b is divided by 10?
4
Suppose 2*v + 10 = 3*b - 74, -5*v = -15. Calculate the remainder when 137 is divided by b.
17
Let l(d) = 39*d**2 + d + 7. Calculate the remainder when l(-1) is divided by ((-48)/(-28))/(2/28).
21
Suppose 5*t + 1 - 376 = 0. Calculate the remainder when t is divided by 13.
10
Suppose 2*o = 3*o - 14. Let a(n) = n**2 - 20*n - 14. Let q be a(21). Let i = 13 - q. Calculate the remainder when o is divided by i.
2
Suppose -2*m - 16 = 2*k, -3*k + 4*m + 26 = 71. Let l = k - -18. Let t = -152 - -172. What is the remainder when t is divided by l?
6
Let t(y) = 4*y + 216. Suppose -3*p + 23 + 70 = 0. What is the remainder when t(0) is divided by p?
30
Let v(h) = -2*h**2 + 8*h - 9. Let o(q) = -q - 1. Let r(p) = -3*o(p) - v(p). Calculate the remainder when r(6) is divided by 15.
9
Let d = -74 - -78. Suppose -4*m - 5*j + 36 = -j, 33 = d*m + 5*j. Calculate the remainder when m is divided by 3.
0
What is the remainder when 97 is divided by 0 - -3 - ((-70)/2 + 5)?
31
Suppose -g + 3*o = -198, 5*o + 185 = 4*g - 600. Let y = -5 - -10. What is the remainder when (1*-1)/((-15)/g) is divided by y?
3
Suppose -201 = -0*u - 3*u. Calculate the remainder when u is divided by (-40)/340 - 1290/(-5)*(-4)/(-102).
7
Suppose 3*x - 9 - 15 = 0. What is the remainder when ((-483)/9)/7*-3 is divided by x?
7
Let r be 22/(-14) + 4 - (-6)/(-14). Suppose -r*k + 238 = 32. Calculate the remainder when k is divided by 26.
25
Let u(k) = 3*k**3 - 14*k**2 + 9*k - 4. Calculate the remainder when u(5) is divided by 45.
21
Suppose -410 - 89 = -4*m + 3*z, -343 = -3*m - 4*z. What is the remainder when 846 is divided by m?
120
Let s(d) = 2*d - 4. Let g be s(4). Suppose 72 = -6*o + g*o. Let j = 71 + o. What is the remainder when j is divided by 13?
9
Let u(y) = y**2 + 3*y - 1. Let j(d) = 2*d + 8*d - 4*d + 7 + 0*d. What is the remainder when j(4) is divided by u(3)?
14
Let i(f) = f - 16. Let a be i(13). Let r(y) = -y - 1. Let v be r(-3). What is the remainder when (62*v)/((-6)/a) is divided by 21?
20
Let z be 27 + -1 + -3 + 2. Let x = z - 10. Suppose -5*d + 157 = -133. What is the remainder when d is divided by x?
13
What is the remainder when 1/3*(11 - 11) + 12 is divided by 9?
3
Let d = 11 + -6. Suppose 0 = -d*x - 170 + 565. Suppose -4*n = -x - 5. What is the remainder when n is divided by 6?
3
Let m(y) = -17*y + 236. Calculate the remainder when 36 is divided by m(13).
6
Let i be (-2)/(-8) + (-649)/(-236). Let y = 12 - 7. Suppose -4*n + 30 = -i*n - f, -y*f = -n + 42. What is the remainder when n is divided by 7?
6
Let n(y) = -y**2 + 36*y + 25. Calculate the remainder when n(11) is divided by 61.
56
Let f = -61 - -42. Let g = f - -72. Calculate the remainder when g is divided by 9.
8
Suppose -65*p + 63*p = -72. What is the remainder when 232 is divided by p?
16
Let o(a) = -a**2 - 10*a + 12. Suppose 32*k - 36 = 36*k. Calculate the remainder when 40 is divided by o(k).
19
Let l(i) = -23*i + 31*i**2 - 32*i**2 + 3 - 22. Calculate the remainder when l(-8) is divided by 21.
17
Let i(k) = k**3 + 16*k**2 + 12*k + 6. Let r be i(-15). Let j = r + -31. Calculate the remainder when 97 is divided by j.
17
Suppose 4*t - g - 7 = 0, 6*t - t - 2*g = 8. Let m(l) = -l**3 + 6*l**2 - 3*l - 7. Calculate the remainder when (0 - -16)/(0 + 0 + t) is divided by m(5).
2
Let r(k) = 8*k**3 + k**2 + k - 2. What is the remainder when r(2) is divided by 70/(-2)*((-44)/10 - -4)?
12
Let x = -1445 - -1520. Calculate the remainder when 213 is divided by x.
63
Let j be (-126)/28*(-4)/(-6). Calculate the remainder when 42 is divided by 10/((-14)/j + -4).
12
Suppose -5*k = -2*h - 105, 101 - 15 = 4*k - 2*h. What is the remainder when 111 is divided by k?
16
Suppose -o - 58 = -3*o. Suppose -220 = -2*p + 2*q, 0 = -14*p + 10*p + 2*q + 446. Calculate the remainder when p is divided by o.
26
Calculate the remainder when (0 - 7)*(2 - 102/21) is divided by 6.
2
Suppose -312 + 267 = -9*c. What is the remainder when 83 is divided by c?
3
Suppose 0 = 3*f - 4*z - 155, 5*z + 53 = f + 3*z. Calculate the remainder when 96 is divided by f.
47
Suppose 5*i + 0*i = 0, -i = -5*y + 485. Calculate the remainder when y is divided by 26.
19
Suppose 14*t = 15*t - 35. Let j = t - 16. What is the remainder when 37 is divided by j?
18
Suppose -4*y = 8*y - 132. What is the remainder when 5*-26*4/(-8) is divided by y?
10
Let x(f) = -71*f**3 + f**2 - 2*f + 1. Let k be x(1). Let n = -123 - k. Calculate the remainder when (-1)/(-2) - n/8 is divided by 3.
1
Let u(l) = l**3 + 31*l**2 + 57*l + 64. What is the remainder when u(-29) is divided by 50?
43
Suppose 0 = 3*j - 3*v + 1095 - 7092, 2*j = -4*v + 3992. What is the remainder when j is divided by 69?
66
Suppose 5*v + 2*v = 147. What is the remainder when 270 is divided by v?
18
Suppose r - 5*g = -0*g + 41, -r - 4*g + 5 = 0. Suppose -2*h = -4*h + 16. Calculate the remainder when r is divided by h.
5
Suppose -5*d - 23 = -508. What is the remainder when d is divided by 26?
19
Suppose t - 6 = -v, -5 = -2*t - 3. Suppose 6 = v*d + 21. What is the remainder when 135 is divided by 5/((-15)/34)*d?
33
Suppose -4*j + 46 = -3*f + 339, f + j - 93 = 0. Let n = -52 - -66. Calculate the remainder when f is divided by n.
11
Let b(q) = -2*q**2 + 2*q - 44. Let y be b(0). Let k = 70 + y. What is the remainder when 102 is divided by k?
24
Suppose j - 3*d = 2*d, -j = 5*d - 50. What is the remainder when (-6)/(-4)*(-4656)/(-72) is divided by j?
22
Suppose -m + 3*j + 38 = 7*j, 3*m + 2*j - 164 = 0. What is the remainder when 347 is divided by m?
57
Suppose 280 = 5*g + 4*b, 12*g - 17*g = -4*b - 320. Calculate the remainder when 118 is divided by g.
58
Suppose 91 = 4*c - 73. Suppose 2*f = 4 - 0. Suppose 2*z + f = 0, 0*k +